-30)). Suppose a = -4*d + 8*d. What is the remainder when 42 is divided by d?
15
Let d be -52 - -56 - (-1 - (2 - 0)). Suppose -d*a + 131 - 19 = 0. Suppose -18*n + 252 = -16*n. Calculate the remainder when n is divided by a.
14
Suppose 0 = 3*f - 29*f + 985 + 1693. Let i = 46 + -2. What is the remainder when f is divided by i?
15
Let a = 5 + -15. Let f = a - -14. Suppose 25396 = -48*d + 25732. What is the remainder when d is divided by f?
3
Let d be (-112)/21*3/(-2). Suppose -d*u + 6 = -498. What is the remainder when 122 is divided by u?
59
Suppose 4*w - 4*d = w + 343, 4*d = 2*w - 230. Suppose -514*g + 2478 + 17568 = 0. Calculate the remainder when w is divided by g.
35
Let t = -301 - -305. Suppose -3*z = -3, -2*v + 6 = -2*z - t. Calculate the remainder when 9 is divided by v.
3
Suppose -4*a - 4*o - 55 = -579, -a - 4*o = -116. Let p = -260 + 285. What is the remainder when a is divided by p?
11
Let k = -5812 - -5890. Calculate the remainder when k is divided by 61.
17
Suppose 0 = -3*z - b + 289, 0*z + 4*b - 274 = -3*z. What is the remainder when ((-14)/63)/((4/(-24))/(2817/12)) is divided by z?
19
Suppose -30*n = -19*n - 43296. Calculate the remainder when n is divided by 13.
10
Let q = 19583 - 19547. Calculate the remainder when 82 is divided by q.
10
Suppose -2*m = -0*m - 418. Suppose -2*r - 613 = -r - 648. What is the remainder when m is divided by r?
34
Let o(i) = -553*i + 67519. What is the remainder when 0/1 - (-424 - -1) is divided by o(122)?
52
Let k = 22 - 16. Suppose 7*i = k + 1. Let v = 49 - i. What is the remainder when v is divided by 10?
8
Let p(a) = -352*a - 4220. What is the remainder when 743 is divided by p(-12)?
3
Let b = 52 + -48. Suppose 0*k - 67 = j + k, -4*k + b = 0. Let g = j - -95. What is the remainder when g is divided by 5?
2
Suppose 1299 = 3*l + 5*z + 199, -4*l = -4*z - 1424. Suppose -l = -2*h - 3*t + 157, -2*t = 2*h - 512. What is the remainder when h is divided by 64?
59
Let y = -1591 - -2431. What is the remainder when y is divided by 9?
3
Let a(b) = b**3 + 5*b**2 - 8*b - 5. What is the remainder when a(-5) is divided by ((2/2)/2)/(30 + 4780/(-160))?
3
Suppose -10*b = -9*b - 3, 0 = -2*u + b + 3. Suppose -9 = -u*o - 0*o. Calculate the remainder when 10 is divided by o.
1
Suppose -1408 = -14*w + 8014. What is the remainder when w is divided by 230?
213
Let d be -1*(-1)/(-1)*(-32 - 63). Let r = -188 + d. Let x = 105 + r. Calculate the remainder when 38 is divided by x.
2
Let h be ((-42)/(-24))/((-2)/40). What is the remainder when 334 is divided by (24/40)/((-106)/h + -3)?
19
Suppose 14*w - 569 - 103 = 0. Suppose 0*f - 139 = -f. Calculate the remainder when f is divided by w.
43
Let a = -21 - -30. Let d = -19 + 73. Suppose -2*k = 4*c - d, -44 = -k + 4*c - 5. Calculate the remainder when k is divided by a.
4
Let b be ((-151)/(-4))/((-385)/56 - -7). Let h = b + -255. What is the remainder when 186 is divided by h?
45
Let r(y) = -y**3 + 4*y**2 + y - 1. Suppose -3*g = -5*v + 2*g, -v = 4*g - 20. Calculate the remainder when 16 is divided by r(v).
1
Let t = 2695 + -2539. What is the remainder when 304 is divided by t?
148
Let s = 244 - 244. Suppose -365*d + 371*d - 186 = s. Calculate the remainder when 103 is divided by d.
10
Let i(l) = -2*l**2 + 16*l + 5. Let s be i(12). Let p = s + 161. Let g = p - -157. What is the remainder when g is divided by 38?
37
Let g(o) = 9*o**3 - 2*o**2 + 2*o + 3. Let w be g(-2). Let t = -34 - w. Calculate the remainder when t is divided by 8.
7
Suppose -2 = -o, 4*v - o - 45 = 3733. What is the remainder when v is divided by 25?
20
Let y = 4693 - 4687. Calculate the remainder when 13 is divided by y.
1
What is the remainder when 1885 is divided by 12/70 - 308/539 - 412/(-5)?
81
Let j = -103 + 99. Let k be (j - 1038/(-42)) + 2/7. Suppose -k*z + 19*z = -90. What is the remainder when z is divided by 16?
13
Suppose 23*r - 18*r = 5*x - 5540, -5*x = -2*r - 5546. Calculate the remainder when x is divided by 268.
38
Let j(q) = -q**2 + 5*q + 485. What is the remainder when j(21) is divided by 88?
61
Let q be 10/(-15) + (-70)/(-15). Suppose 0 = i - 3*d - 5 - 18, -8 = q*d. Calculate the remainder when 82 is divided by i.
14
Suppose -5*r = 3*g + 2*g + 5, r + 4*g + 16 = 0. Let f = r + 8. What is the remainder when 5 - (1 - (4 + -8)) - -32 is divided by f?
8
Suppose -4*z + 1584 = -48*h + 52*h, 4*h - z = 1579. Calculate the remainder when h is divided by 44.
43
Let a = 1249 + -1025. Calculate the remainder when a is divided by 76.
72
Let u(m) = 6*m**3 + m**2 + m - 1. Let c be u(1). Suppose i + c*i = 4*i. Suppose 0 = -i*h + 3*h - 126. Calculate the remainder when h is divided by 22.
20
Let g(t) = t**2 + 11 + t - 4 - 7*t. Let r = -54 - -57. Calculate the remainder when r is divided by g(5).
1
Let s be (6/(-5))/((-3)/50). Suppose 6*q - 35 = q. Suppose 4*r - s = -4*h, 2*h - q = 3*h - 5*r. Calculate the remainder when 8 is divided by h.
2
Let f(t) = 4*t**2 - 5*t + 3. Let k be f(-3). Suppose k = d + 2*d. What is the remainder when 1454/18 - (-90)/405 is divided by d?
9
Suppose 2*x - 5533 = -s, x + 7688 = 3*s - 8883. Calculate the remainder when s is divided by 9.
8
Let f = -668 - -688. Suppose 7*a + 2145 = f*a. What is the remainder when a is divided by 52?
9
Let i be ((-6)/15 - 0)/(5/(-1250)). Suppose -l + 0*l - i = -2*r, 4*r = l + 204. What is the remainder when 258 is divided by r?
50
Let f = -6410 - -9186. Suppose u - 9*u = -f. What is the remainder when u is divided by 12?
11
Let m(n) = n**3 + 10*n**2 + 5*n - 9. Let v be -3 + (0 - (-3 - -9)). Let k be m(v). Let a = k + -25. What is the remainder when 4 is divided by a?
0
Let g = -13266 + 15545. Calculate the remainder when g is divided by 16.
7
Calculate the remainder when -188*(42/(-4))/(54/18) is divided by 11.
9
Suppose -4*q = -273 - 79. What is the remainder when q is divided by (23 + -41 + 0)/(-2)?
7
Let s = -8716 + 8946. What is the remainder when 687 is divided by s?
227
Suppose -d + 2 = -2*x, 3*x + 4 = -4*d - x. Suppose d = -6*a + 375 - 27. Suppose 0 = -6*n + 92 + a. What is the remainder when 69 is divided by n?
19
Suppose -11*w + 2320 = 604. Suppose -13*o + o = -w. Calculate the remainder when 18 is divided by o.
5
Let p = -1846 + 2455. Calculate the remainder when p is divided by 596.
13
Suppose 5*h + 257 = -583. Let a be (4 - 19/4)*h. Let q = -22 + a. Calculate the remainder when q is divided by 27.
23
Let u(s) = -s**2 + 5*s - 6. Let h be u(1). Calculate the remainder when -3 - -10*(-21)/h is divided by 15.
12
Let c be (-7*(-2)/(-21))/(2/27). Let t(q) be the first derivative of 2*q**2 + 39*q + 7. Calculate the remainder when 17 is divided by t(c).
2
Let w = 4501 - 3623. Calculate the remainder when w is divided by 217.
10
Let c = -8 - -18. Let t be (9/(-6))/(6/(-604)). Let i = -122 + t. What is the remainder when i is divided by c?
9
Suppose 0 = -41*g + 39*g - 2*u + 334, -u - 525 = -3*g. Calculate the remainder when 534 is divided by g.
15
Let g(k) be the third derivative of -k**6/40 - k**5/30 + 5*k**4/24 + k**3/6 + 10*k**2 - 3. What is the remainder when 65 is divided by g(-2)?
2
Suppose -182*q + 155*q + 1991 = -30382. What is the remainder when q is divided by 6?
5
Let m(l) = 3*l**3 - 4*l**2 - 103*l + 314. What is the remainder when 63 is divided by m(3)?
13
Let b = -807 - -931. Calculate the remainder when 2721 is divided by b.
117
Suppose 4*z + 4*d = 620, -63*z - 802 = -68*z - 2*d. Let r = 38 - 27. What is the remainder when z is divided by r?
10
Suppose -2*y + 2 = -2*h, -3*y + 7*y - 28 = -2*h. Suppose y*l - 13 = -i + 39, 5*l - i = 48. What is the remainder when 69 is divided by l?
9
Let p be 875/49 + (-3)/(-21). Suppose z - 11 = p. Calculate the remainder when z is divided by -3 + 17 + (-3)/1.
7
Suppose 3*h - 35 = b - 1, -2*h - b + 21 = 0. Let q(m) = -57*m - 453. Calculate the remainder when q(-10) is divided by h.
7
Let l(y) be the first derivative of 9*y**2 - 101*y - 17. Calculate the remainder when 167 is divided by l(6).
6
Let d = -43 - -46. Let h be (186/9)/((-2)/(-6)). Suppose -d*m - 29 = -h. Calculate the remainder when 53 is divided by m.
9
Suppose -o = 2, 2*k + 0*k - 376 = -4*o. Let r(n) = -24*n + 5*n**3 - 3 + 25*n + 0*n**3. Calculate the remainder when k is divided by r(2).
36
Suppose -w - 4254 = -7*w. Suppose 241 = 19*h - w. 